+ 2*y**2 + 2*y - 2. Let b be t(4). Let k = b + 29. Let i(w) = -w**2 + 5*w - 5. What is the units digit of i(k)?
1
Let w(o) = -o**2 + 7*o + 3. Let n be w(6). Suppose 7*f + 5932 + 753 = 0. What is the tens digit of f/(-15) - 6/n?
6
What is the hundreds digit of ((-176)/(-12))/((-4)/(-30))?
1
Suppose 0*d + 4630 = 2*d. Suppose -5*i = 605 - d. What is the tens digit of i/14 - 15/35?
2
What is the tens digit of 1557/27 + 6 + (-2)/(-6)?
6
Suppose -5*u - 2 = -3*t + 8, -4*u - t = -9. What is the units digit of u?
1
Let y(d) = -3 - 4*d - 2 + d**2 + 0. What is the units digit of y(10)?
5
Let g be (-4)/(-14) - (298/14 + 4). Let a = g - -76. What is the units digit of a?
1
Let k = 5 + 2. Let m(v) = 20*v - 6*v - 3*v + 4*v**2 - 14 - 9*v - 17*v. What is the tens digit of m(k)?
7
Let w(g) = -g**2 - 11*g - 9. Let n(l) = l**2 + 10*l + 1. Let x be n(-13). Suppose -6*y + y = x. What is the units digit of w(y)?
5
Let n be 239/2 - 3/(-6). Suppose 9*u = 21*u - 948. Let v = n - u. What is the units digit of v?
1
Let m(p) = -6*p**3 - 125*p**2 - 21*p + 3. What is the units digit of m(-22)?
3
Suppose 1 - 9 = -n. What is the units digit of ((-579)/(-15) - 1)/(n/20)?
4
Let l(s) = -9 + 20 - 12. Let i(j) = -j**2 + 5. Let v(g) = -2*i(g) - 6*l(g). What is the tens digit of v(3)?
1
Let w(v) = 5*v**3 - 2*v**2 + 2*v - 1. Let l be w(1). Suppose 0*g - 12 = -l*g. Suppose g*z + 2*z + 3*q = 228, -137 = -3*z - 2*q. What is the units digit of z?
5
Suppose 2*i + 4*m - 398 = -i, 0 = -3*m + 15. Let a = -86 + i. What is the tens digit of a?
4
Suppose -5 = 4*b - 9. What is the units digit of b/(0 - (-4)/52)?
3
Suppose t + 4*a + 712 = 5*t, 190 = t - 5*a. Let c = -104 + t. What is the tens digit of c?
7
Let o(f) = 100*f**2 - f - 1. What is the hundreds digit of o(2)?
3
Let p(k) be the third derivative of -k**5/60 - 3*k**4/4 + 29*k**3/6 + 20*k**2. What is the units digit of p(-19)?
0
Let q(v) = v**2 - 3*v + 1. Let l be q(4). Suppose -l*c = -47 - 23. Suppose -k + c = -5*g, 0*k + 23 = k + 4*g. What is the units digit of k?
9
Let y(n) = -n**3 - 5*n**2 - 8*n - 14. Let w be 2*15/20*-4. What is the units digit of y(w)?
0
Suppose 2*p = -3*b + 2502, p = -b + 3*p + 842. What is the units digit of b?
6
Let u(a) = a**2 + a + 6. Let s be u(7). Let k = s - 111. Let p = 9 - k. What is the tens digit of p?
5
Suppose -g + 1 = y, -2*g + 2*y + 28 = 2*g. Suppose -3*c + 144 = 3*u, g*u - 117 - 131 = -3*c. What is the tens digit of u?
5
Let d(u) = 10*u**2 - 2*u - 1. Let g be d(2). Let p = 26 - g. What is the units digit of (-6)/p - (-1068)/18?
0
Let f = 425 + -218. What is the hundreds digit of f?
2
Suppose 0 = -5*o + 8*o - 6. Suppose o*z = -f + 92, z - 4 = -2*f + 39. Suppose -3*n = z - 149. What is the units digit of n?
4
Let y(v) = v - 8. Let h be y(3). Let a = h + 28. What is the units digit of a?
3
Suppose 1584 = -195*o + 199*o. What is the tens digit of o?
9
Suppose -3*y = -3*r - 2*y + 17, 0 = 2*y + 4. Suppose 0 = r*n - 4*p - 554, -6*p = 2*n - 2*p - 216. What is the tens digit of n?
1
Let s(f) = 621*f**2 - 6*f + 2. What is the units digit of s(-2)?
8
Let f(j) = j**3 + 24*j**2 + 5*j - 26. What is the hundreds digit of f(-23)?
3
Suppose -3*q = u - 5*u + 2, 4*u + 3*q = 14. Suppose -u*d = -118 - 304. What is the hundreds digit of d?
2
Suppose -4*n - 3*m - 15 = 0, -5*m + 2 - 4 = -n. Let y be ((-4)/n)/(1/3). Suppose -4*u + y*p + 36 = 0, -6 - 32 = -2*u - 3*p. What is the units digit of u?
3
Suppose 87*c = 4*b + 86*c - 3706, -934 = -b + 4*c. What is the tens digit of b?
2
Let p = 211 + -17. What is the units digit of p?
4
Let d = -2 - -3. Let w be -1 - (3/d - 34). What is the units digit of 63/2*20/w?
1
Suppose 5*i - 5 - 5 = 0. Suppose -2*y + 18 = -5*w, 4*y - w + 8 = -i*w. What is the units digit of y*2/1*-2?
4
What is the units digit of ((-898)/6)/(48/(-144))?
9
Suppose -106 = b - 2*o, 5*b + 0*b + 5*o = -500. Let q = 182 + b. What is the tens digit of q?
8
Suppose -5*y + 25 = 5*w, 0*y = -y + 5*w - 13. Let z(x) = -x**2 - 35*x - 175. Let g be z(-25). Suppose -3*a - y*a + g = 0. What is the units digit of a?
5
What is the hundreds digit of (-2 - (-5 + 1)) + -6 - -1362?
3
Let v(n) = 318*n + 66. What is the tens digit of v(12)?
8
Suppose -3*h + 6*h = -6. Let j be (3 + 8/h)*-7. What is the units digit of 80/35 - 2/j?
2
Let p(o) be the third derivative of 5*o**4/6 + 5*o**3/2 + 29*o**2. What is the units digit of p(6)?
5
Let u = -4 - -578. What is the units digit of u?
4
What is the thousands digit of 13406/5 + 30/(-25)?
2
Suppose -4*y + 1378 + 493 = 5*p, 0 = -5*p + y + 1876. What is the hundreds digit of p?
3
Suppose 0 = -4*d - 3*c + 18, 3*d + 0*d + 4*c = 10. Let l(q) = q**3 - q**2 + q + 5. What is the units digit of l(d)?
1
Let s(a) = -a**2 + 3*a + 4. Let k be s(4). Suppose k = 3*r + 12 + 18. What is the units digit of (r/30)/(2/(-36))?
6
Let o = -28 - -51. Suppose 4*l + 3*v - 139 = 0, l + 3*v - 5 = o. Suppose 0 = -2*p + 39 + l. What is the tens digit of p?
3
What is the units digit of 12*5*(-9)/(-18)?
0
Let q = 515 - 221. Suppose 3*z - q - 123 = 0. Let b = z - 94. What is the units digit of b?
5
What is the hundreds digit of (-2)/(-2*(-3)/(-5433))?
8
Let z be 22 + 6 + -3 - -2. Suppose 7*j = 4*j + z. What is the units digit of 1/(-3) + 462/j?
1
Let p be (-22)/(-14) - 27/(-63). Suppose q = 2*r - 289, 0 = -p*q - 12 + 6. What is the units digit of r?
3
Let k(i) = 5*i + 18. Let r be k(-3). Suppose -92 = -d - r*d. What is the units digit of d?
3
Let c be ((-714)/(-84))/((1 + 1)/(-4)). What is the units digit of 2/8 - (1615/4)/c?
4
Let s = -425 - -255. Let p = -120 - s. What is the units digit of p?
0
Suppose -5*u - 19 = -304. What is the units digit of u*1/((-9)/(-39))?
7
Let f = -40 - -15. Let t = -26 - f. Let p(v) = -14*v**3 + v**2 - 1. What is the tens digit of p(t)?
1
Suppose -36*a + 46733 + 34555 = 0. What is the thousands digit of a?
2
Let t(g) = 20*g**2 - 29*g + 1. What is the tens digit of t(-7)?
8
Let q(f) = -14*f**3 - 3*f**2 + f + 2. Let n(c) = 2*c + 10. Let d be n(-6). What is the units digit of q(d)?
0
Suppose 3*k - 2*u = 601, -207 = -k + 6*u - 2*u. Let f = 347 - k. What is the hundreds digit of f?
1
Let z = -474 - -965. What is the units digit of z?
1
What is the units digit of 517 - (8/(-28) - (-130)/(-35))?
1
Let v = 13 + -8. Let a(o) be the second derivative of -o**5/20 + 7*o**4/12 - o**3/6 + o**2 - 2*o + 34. What is the units digit of a(v)?
7
Let a = -661 + 1316. Suppose a = 2*d + 5*r, -5 = 3*r - 4*r. What is the hundreds digit of d?
3
What is the units digit of -72 - -116 - (2 + 0)?
2
Suppose 5*u + 5*b - 9205 = 0, -3*u + 2*u + 3*b = -1845. What is the hundreds digit of u?
8
Suppose 180*h - 207*h + 103059 = 0. What is the thousands digit of h?
3
What is the units digit of (32/(-6))/(22/(-1551))?
6
Let j(c) = 5*c - 26. Let w be j(6). Suppose -158 = -p - 4*b, -606 = -w*p + 3*b - 6*b. What is the hundreds digit of p?
1
Let z be (-1 - (-8)/5) + (-260)/(-25). Let u(a) = 16*a + 63. What is the units digit of u(z)?
9
Let b = 177 + 126. What is the units digit of b?
3
Let p = -365 - -908. What is the tens digit of p?
4
Suppose -3*m = -m - 6. Suppose m*f = 73 - 40. Let q = f - 6. What is the units digit of q?
5
Suppose -4*n + 3*y = 4, 0*y = n - 3*y + 10. Suppose 54 = 3*o - n*x + 3, 2*x = -5*o + 85. What is the units digit of o?
7
Suppose 2*a + 564 = -4*a. Let u = a + 165. What is the tens digit of u?
7
Let d(b) = -b + 1. Let h be 1 - (-2)/6*0. Let j be d(h). Suppose j = -0*y + y - 15. What is the tens digit of y?
1
Suppose -3*h + 69 = -4*j, 4*j - h + 74 = -3*h. What is the tens digit of (-4)/j - (-1504)/36?
4
Let r(w) = 7*w**2 - 18*w + 199. What is the units digit of r(15)?
4
Suppose 2*h - l - 1 = 0, 2*l = -0*l + 10. What is the tens digit of (-1)/h - ((-4760)/(-12))/(-5)?
7
What is the tens digit of (-1 - -3)*3*(-362)/(-12)?
8
What is the hundreds digit of -1 - (9274/(-10) + 51/(-85))?
9
Suppose -3*w = 10*p - 9*p - 1584, 0 = 2*w + 3*p - 1056. What is the hundreds digit of w?
5
Let z(t) = 29*t**2 + 10*t + 10. What is the hundreds digit of z(7)?
5
Let x(t) = -54*t + 74. What is the hundreds digit of x(-4)?
2
Let m = -27 - -48. Suppose 2*t = -2*k + 14, -5*t = -k - k - m. Suppose 2*h + 8 = -2*x, x + 3*h + 24 = -k*h. What is the units digit of x?
1
Let j = 297 + -95. What is the tens digit of j?
0
Let z(o) = -4*o**2 + 9